8684. Determine b(2).
110
Let l(w) = -w**2 + 659*w - 4581. Give l(7).
-17
Let w(p) = 3157*p + 176784. What is w(-56)?
-8
Let p(c) = 152*c - 6801. Give p(43).
-265
Let h(p) = 4*p**2 - 1434*p - 13248. Give h(-9).
-18
Let c(x) = x**3 - 24*x**2 + 82*x - 12. Calculate c(3).
45
Let i(g) = 13*g**2 - 493*g + 26. Determine i(0).
26
Let h(z) = -36*z - 2244. Determine h(-61).
-48
Let o(z) = z**2 + 22101*z + 132583. Determine o(-6).
13
Let x(k) = -17961*k + 2891729. Determine x(161).
8
Let u(k) = k**2 - 16606*k + 99600. Determine u(6).
0
Let h(n) = -33*n**2 + 6496*n + 992. Determine h(197).
7
Let v(t) = t**3 + 29*t**2 - 2*t + 87. What is v(-28)?
927
Let v(o) = 2*o**2 - 1011*o + 9914. Determine v(10).
4
Let f(o) = -867*o**2 + 19074*o - 44. Give f(22).
-44
Let y(o) = 72*o**3 + 308*o**2 - 262*o - 5. What is y(-5)?
5
Let z(b) = 2*b**2 - 9674*b - 96928. Calculate z(-10).
12
Let f(v) = 139*v**2 - 46147*v - 327. Calculate f(332).
5
Let q(p) = -2*p**2 + 762*p - 41670. What is q(66)?
-90
Let w(f) = 510*f + 121767. What is w(-236)?
1407
Let x(a) = 6*a**2 - 279*a + 3236. Determine x(24).
-4
Let l(i) = 16*i**2 - 150*i - 25. Determine l(11).
261
Let f(i) = 3*i**2 - 64986*i - 845315. What is f(-13)?
10
Let w(i) = 3292*i + 10082. What is w(-3)?
206
Let y(v) = -v**3 - 4*v**2 + 90*v + 753. Give y(-11).
610
Let h(k) = 499*k - 1309. Calculate h(3).
188
Let m(j) = 278292*j - 8348766. Give m(30).
-6
Let h(z) = 1752*z + 282094. Determine h(-161).
22
Let m(h) = -h**3 - 707*h**2 - 1407*h - 12. Give m(-2).
-18
Let t(b) = -10*b**2 + 117328*b + 234653. Determine t(-2).
-43
Let d(m) = -m**3 + 88*m**2 + 321*m - 6053. Calculate d(91).
-1685
Let y(b) = 7*b**3 + 114*b**2 - 13*b - 95. Calculate y(-16).
625
Let w(l) = -l**2 + 14043*l - 154348. Calculate w(11).
4
Let m(z) = -2*z**2 - 54360*z - 977830. What is m(-18)?
2
Let b(u) = 93*u - 2716. Determine b(34).
446
Let t(a) = 13*a**2 + 4251*a - 42882. Determine t(10).
928
Let n(b) = b**3 + 49*b**2 + 252*b - 609. Calculate n(-8).
-1
Let c(p) = -4*p**3 + 198*p**2 - 1008*p + 1774. Determine c(44).
14
Let w(a) = -29*a**2 + 302*a - 87. Calculate w(10).
33
Let u(g) = -g**3 + 21*g**2 + 164*g + 20. Give u(-6).
8
Let x(g) = 240*g - 1713. Calculate x(7).
-33
Let v(c) = -c**3 - 51*c**2 + 399*c + 3269. Determine v(-57).
20
Let u(c) = c**3 - 38*c**2 - 604*c + 19708. Determine u(41).
-13
Let d(i) = -162864*i + 977181. Give d(6).
-3
Let c(u) = u**3 + 16*u**2 - 53*u - 17. Calculate c(0).
-17
Let s(h) = -h**3 + 21*h**2 + 324*h - 5546. Calculate s(13).
18
Let h(w) = -13*w**2 - 2178*w + 52741. Calculate h(-189).
10
Let b(w) = 153*w - 11120. Give b(74).
202
Let j(h) = 550*h - 223379. Give j(406).
-79
Let n(d) = d**3 - 105*d**2 - 131*d + 24446. Determine n(104).
6
Let r(y) = -y**3 + 7*y**2 + 251*y - 974. What is r(18)?
-20
Let s(k) = 1280*k - 5063. Give s(7).
3897
Let q(d) = -12*d**3 + 98*d**2 - 30*d + 80. Calculate q(8).
-32
Let g(r) = r**3 + 82*r**2 + 3*r + 1388. Give g(-82).
1142
Let r(x) = 69*x**2 - 150*x - 1127. Calculate r(-7).
3304
Let s(i) = -19142*i - 191424. Calculate s(-10).
-4
Let a(s) = -55*s**2 - 2936*s + 39. Give a(-54).
-1797
Let v(z) = z**3 + 16*z**2 - 40633*z - 650211. Determine v(-16).
-83
Let p(o) = -3*o**2 + 4693*o - 42124. Give p(9).
-130
Let f(u) = -4765*u - 142684. Determine f(-30).
266
Let s(g) = 7*g**3 + 961*g**2 - 696*g - 891. Determine s(-138).
-63
Let p(n) = -379*n + 9084. Determine p(24).
-12
Let n(z) = -907*z + 373699. What is n(412)?
15
Let c(s) = 9*s**2 + 2714*s + 43537. Determine c(-17).
0
Let b(i) = 5*i**2 - 1498*i - 6026. Determine b(-4).
46
Let u(d) = 62*d**2 - 11086*d + 19834. Give u(177).
10
Let z(h) = 9975*h - 53075. Give z(6).
6775
Let k(c) = -25*c**3 + 475*c**2 - 117*c + 2220. Give k(19).
-3
Let v(r) = 1141*r + 11368. Give v(-10).
-42
Let j(y) = -58*y**2 + 2149*y - 128. Calculate j(37).
-17
Let h(m) = 1473*m + 170914. What is h(-116)?
46
Let t(b) = 425652*b + 2979588. Determine t(-7).
24
Let s(l) = l**3 - 135*l**2 - 1499*l + 6924. Calculate s(145).
-181
Let x(l) = 1363536*l - 1363535. Calculate x(1).
1
Let r(i) = 459*i + 23443. Give r(-51).
34
Let j(p) = 5*p**3 - 180*p**2 + 62*p - 81. Calculate j(36).
2151
Let x(k) = k**2 + 88*k - 868. Give x(-72).
-2020
Let i(m) = -303*m**3 + 4*m**2 - 6*m - 11. Determine i(-1).
302
Let q(k) = -2*k**2 + 101679*k - 813291. What is q(8)?
13
Let y(s) = -56*s**3 - 54*s**2 - 179*s - 125. What is y(-1)?
56
Let r(g) = 37*g**2 - 6523*g + 1892. What is r(176)?
-44
Let x(g) = -8*g**2 + 835*g - 714. Determine x(104).
-402
Let j(b) = 2*b**3 + 53*b - 82. Calculate j(0).
-82
Let s(h) = 2*h**2 - 5588*h + 66653. Give s(12).
-115
Let t(z) = -9637*z + 19276. Calculate t(2).
2
Let y(r) = -18*r**2 + 252*r + 522. Determine y(-8).
-2646
Let s(l) = -6988*l - 1292812. Determine s(-185).
-32
Let z(m) = 507*m**2 + 141451*m - 564. Calculate z(-279).
-6
Let n(v) = 2*v**2 - 708*v - 6571. What is n(363)?
-37
Let c(y) = 2539*y + 206393. Give c(-81).
734
Let v(r) = -16*r**3 - 1288*r**2 - 607*r + 2632. Give v(-80).
-8
Let l(k) = 4*k**2 - 37*k - 90. Determine l(17).
437
Let k(l) = 2500*l - 37223. Calculate k(15).
277
Let h(i) = 503*i + 24217. Calculate h(-48).
73
Let w(p) = -2816*p - 25451. Give w(-9).
-107
Let o(i) = -9426*i + 9746488. Calculate o(1034).
4
Let q(l) = -l**3 + 419*l**2 - 1169*l - 32852. Determine q(416).
12
Let p(k) = -7*k**3 - 38*k**2 - 102*k - 107. Determine p(-2).
1
Let r(u) = -u**2 - 2507*u + 698272. Determine r(253).
-8
Let h(m) = 5626*m - 315086. Give h(56).
-30
Let d(i) = -i**2 + 20720*i + 1643106. Determine d(-79).
-15
Let k(p) = 91926*p - 919242. Give k(10).
18
Let w(x) = -43002*x - 1161053. Calculate w(-27).
1
Let p(v) = -499*v + 16366. Calculate p(33).
-101
Let i(r) = 1697*r + 186605. Calculate i(-110).
-65
Let w(x) = 13*x**3 - 2139*x**2 + 1145*x + 344. Calculate w(164).
-148
Let x(t) = -1204*t - 55398. Calculate x(-46).
-14
Let d(f) = 62102*f - 50178420. What is d(808)?
-4
Let d(v) = 4*v**3 - 101*v**2 + 15*v + 85. What is d(23)?
-4331
Let z(t) = -51*t - 3931. Determine z(-77).
-4
Let c(x) = -1666*x + 279818. Give c(168).
-70
Let t(w) = w**3 + 240*w**2 + 505*w + 6163. Calculate t(-238).
-739
Let r(p) = -4070*p - 2682096. What is r(-659)?
34
Let p(x) = 131*x**2 - 474*x - 208. Calculate p(4).
-8
Let l(b) = -b**3 + 228*b**2 + 17281*b + 9. Give l(-60).
-51
Let y(n) = n**2 - 1881090*n + 11286506. Calculate y(6).
2
Let w(b) = 22*b**3 + 2908*b**2 + 523*b - 655. Calculate w(-132).
5
Let z(t) = -59*t**2 - 132*t - 265. What is z(-2)?
-237
Let x(i) = -2*i**3 - 37*i**2 - 1196*i - 12463. Calculate x(-12).
17
Let v(u) = 204*u**3 - 596*u**2 - 8*u + 15. What is v(3)?
135
Let x(z) = -1208*z - 68780. Determine x(-57).
76
Let c(y) = 2*y**2 + 2065*y - 109378. Give c(-1083).
5
Let j(u) = -1357*u - 6196. Give j(-5).
589
Let o(h) = 9445*h + 897286. What is o(-95)?
11
Let p(q) = -37*q - 207. Give p(1).
-244
Let k(f) = -3718*f + 200419. Determine k(54).
-353
Let k(y) = y**2 + 20530*y + 369221. Determine k(-18).
5
Let y(m) = -3*m**2 + 215*m + 5870. Determine y(-21).
32
Let w(l) = -l**2 - 348*l - 16930. Give w(-291).
-343
Let i(q) = 9174*q - 8296. Calculate i(1).
878
Let w(a) = -455*a + 8976. Determine w(27).
-3309
Let h(v) = v**2 - 108*v + 2406. Give h(79).
115
Let d(s) = -247*s**3 + 3*s**2 - 2*s - 6. Calculate d(-2).
1986
Let l(d) = -6814*d + 142945. What is l(21)?
-149
Let v(l) = 5*l**2 + 3326*l - 20135. Calculate v(6).
1
Let u(b) = -1022*b - 3793. Determine u(-3).
-727
Let r(n) = -12966*n - 220428. Determine r(-17).
-6
Let s(q) = -5*q**3 - 81*q**2 - 224*q - 968. What is s(-14)?
12
Let v(r) = -r**2 - 19*r - 176. Calculate v(16).
-736
Let l(j) = j**3 + 193*j**2 + 72*j + 129373. Determine l(-196).
13
Let g(m) = 26458*m + 185333. Calculate g(-7).
127
Let y(l) = -l**3 - 1096*l**2 - 187409*l - 877. Calculate y(-884).
7
Let f(p) = -413*p + 27703. Give f(67).
32
Let o(j) = 7*j**2 - 21233*j - 85037. What is o(-4)?
7
Let d(t) = -43939*t - 131824. Determine d(-3).
-7
Let a(v) = 4*v**3 - 625*v**2 - 1101*v - 1283. Give a(158).
-493
Let g(y) = -27*y + 2504. Give g(102).
-250
Let n(y) = -15744*y + 235929. Determine n(15).
-231
Let w(i) = 669*i - 20756. What is w(31)?
-17
Let u(h) = 100*h**2 - 5598*h - 147. Calculate u(56).
-35
Let r(p) = -p**2 + 45173*p + 316257. Determine r(-7).
-3
Let w(s) = s**3 - 160*s**2 + 928*s - 554. Wh